{"id":663,"date":"2018-11-18T20:45:33","date_gmt":"2018-11-18T20:45:33","guid":{"rendered":"http:\/\/jaszoktatas.hu\/pusztamonostor\/?page_id=663"},"modified":"2024-10-16T12:43:43","modified_gmt":"2024-10-16T12:43:43","slug":"fenntarto","status":"publish","type":"page","link":"http:\/\/jaszoktatas.hu\/pusztamonostor\/fenntarto\/","title":{"rendered":"Fenntart\u00f3"},"content":{"rendered":"<p>Fenntart\u00f3: Klebelsberg K\u00f6zpont<br \/>\nSz\u00e9khelye: 1054 Budapest, Bajcsy-Zsilinszky \u00fat 42-46.<br \/>\nTanker\u00fclet: J\u00e1szber\u00e9nyi Tanker\u00fcleti K\u00f6zpont<br \/>\nC\u00edme: 5100 J\u00e1szber\u00e9ny, Szabads\u00e1g t\u00e9r 16.<\/p>\n<p>Tanker\u00fcleti igazgat\u00f3: Zsemberi Zolt\u00e1n<br \/>\nJ\u00e1szber\u00e9nyi Tanker\u00fcleti K\u00f6zpont<br \/>\n5100 J\u00e1szber\u00e9ny, Szabads\u00e1g t\u00e9r 16.<br \/>\nTelefon: +36\/57\/795-209<\/p>\n<p>Szakmai vezet\u0151: Pom\u00e1zi Imr\u00e9n\u00e9<br \/>\n<img decoding=\"async\" class=\"CQ CU\" src=\"https:\/\/mail.google.com\/mail\/u\/0\/images\/cleardot.gif\" alt=\"\" \/>imrene.pomazi@kk.gov.hu\u00a0 \u00a0 \u00a0 \u00a0 \u00a0 \u00a0 \u00a0 \u00a0 \u00a0 \u00a0 \u00a0 \u00a0 \u00a0 \u00a0 \u00a0 \u00a0 \u00a0 \u00a0 \u00a0 \u00a0 \u00a0 \u00a0 \u00a0 \u00a0 \u00a0 \u00a0 \u00a0 \u00a0 \u00a0 \u00a0 \u00a0 \u00a0 \u00a0 \u00a0 \u00a0 \u00a0 \u00a0 \u00a0 \u00a0 \u00a0 \u00a0 \u00a0 \u00a0 \u00a0 \u00a0 \u00a0 \u00a0 \u00a0 \u00a0 \u00a0 \u00a0 \u00a0 \u00a0 \u00a0 \u00a0 \u00a0 \u00a0 \u00a0 \u00a0 \u00a0 Telefon: +36\/57\/795-203<\/p>\n","protected":false},"excerpt":{"rendered":"<p>Fenntart\u00f3: Klebelsberg K\u00f6zpont Sz\u00e9khelye: 1054 Budapest, Bajcsy-Zsilinszky \u00fat 42-46. Tanker\u00fclet: J\u00e1szber\u00e9nyi Tanker\u00fcleti K\u00f6zpont C\u00edme: 5100 J\u00e1szber\u00e9ny, Szabads\u00e1g t\u00e9r 16. Tanker\u00fcleti igazgat\u00f3: Zsemberi Zolt\u00e1n J\u00e1szber\u00e9nyi Tanker\u00fcleti&#8230;<\/p>\n","protected":false},"author":1,"featured_media":0,"parent":0,"menu_order":0,"comment_status":"closed","ping_status":"closed","template":"","meta":[],"_links":{"self":[{"href":"http:\/\/jaszoktatas.hu\/pusztamonostor\/wp-json\/wp\/v2\/pages\/663"}],"collection":[{"href":"http:\/\/jaszoktatas.hu\/pusztamonostor\/wp-json\/wp\/v2\/pages"}],"about":[{"href":"http:\/\/jaszoktatas.hu\/pusztamonostor\/wp-json\/wp\/v2\/types\/page"}],"author":[{"embeddable":true,"href":"http:\/\/jaszoktatas.hu\/pusztamonostor\/wp-json\/wp\/v2\/users\/1"}],"replies":[{"embeddable":true,"href":"http:\/\/jaszoktatas.hu\/pusztamonostor\/wp-json\/wp\/v2\/comments?post=663"}],"version-history":[{"count":5,"href":"http:\/\/jaszoktatas.hu\/pusztamonostor\/wp-json\/wp\/v2\/pages\/663\/revisions"}],"predecessor-version":[{"id":2726,"href":"http:\/\/jaszoktatas.hu\/pusztamonostor\/wp-json\/wp\/v2\/pages\/663\/revisions\/2726"}],"wp:attachment":[{"href":"http:\/\/jaszoktatas.hu\/pusztamonostor\/wp-json\/wp\/v2\/media?parent=663"}],"curies":[{"name":"wp","href":"https:\/\/api.w.org\/{rel}","templated":true}]}}