{"id":158,"date":"2016-04-03T06:14:48","date_gmt":"2016-04-03T06:14:48","guid":{"rendered":"http:\/\/jaszoktatas.hu\/pusztamonostor\/?page_id=158"},"modified":"2025-10-21T06:42:45","modified_gmt":"2025-10-21T06:42:45","slug":"kozepiskolai-tanulmanyi-eredmenyek","status":"publish","type":"page","link":"http:\/\/jaszoktatas.hu\/pusztamonostor\/kozepiskolai-tanulmanyi-eredmenyek\/","title":{"rendered":"K\u00f6z\u00e9piskolai tanulm\u00e1nyi eredm\u00e9nyek"},"content":{"rendered":"<p><a href=\"http:\/\/jaszoktatas.hu\/pusztamonostor\/wp-content\/uploads\/2016\/04\/K\u00f6z\u00e9piskolai-eredm\u00e9nyek-2014-15-9-\u00e9vfolyam.pdf\" rel=\"\">K\u00f6z\u00e9piskolai eredm\u00e9nyek 2014-15 9 \u00e9vfolyam<\/a><\/p>\n<p><a href=\"http:\/\/jaszoktatas.hu\/pusztamonostor\/wp-content\/uploads\/2016\/04\/K\u00f6z\u00e9piskolai-eredm\u00e9nyek-2014-15-10-\u00e9vfolyam.pdf\" rel=\"\">K\u00f6z\u00e9piskolai eredm\u00e9nyek 2014-15 10 \u00e9vfolyam<\/a><\/p>\n<p><a href=\"https:\/\/docs.google.com\/document\/d\/1hhqlbBVQRMlrxCNIo03R1UcXebRhO29m\/edit?usp=sharing&amp;ouid=115743940351997013825&amp;rtpof=true&amp;sd=true\">K\u00f6z\u00e9piskolai eredm\u00e9nyek 2021-22.tan\u00e9v<\/a><\/p>\n\n\n<p><a href=\"https:\/\/docs.google.com\/document\/d\/1Pufvge5YWmmtlS4IBHmZ6eJ6qWThWZ8h\/edit?usp=drive_link&amp;ouid=115743940351997013825&amp;rtpof=true&amp;sd=true\" target=\"_blank\" rel=\"noreferrer noopener\">K\u00f6z\u00e9piskolai eredm\u00e9nyek 2022-23.tan\u00e9v<\/a><\/p>\n\n\n\n<p><a href=\"https:\/\/docs.google.com\/document\/d\/115q7OdGfZF4ZVFQmKYArqV5kZdlfRLZR\/edit?usp=drive_link&amp;ouid=115743940351997013825&amp;rtpof=true&amp;sd=true\" data-type=\"URL\" data-id=\"https:\/\/docs.google.com\/document\/d\/115q7OdGfZF4ZVFQmKYArqV5kZdlfRLZR\/edit?usp=drive_link&amp;ouid=115743940351997013825&amp;rtpof=true&amp;sd=true\" target=\"_blank\" rel=\"noreferrer noopener\">K\u00f6z\u00e9piskolai eredm\u00e9nyek 2022-23.tan\u00e9v<\/a><\/p>\n\n\n\n<p><a href=\"https:\/\/docs.google.com\/document\/d\/14ZzYqtnvaSSkzbAKD5BPrzl63SQiB3W3\/edit?usp=drive_link&amp;ouid=115743940351997013825&amp;rtpof=true&amp;sd=true\" data-type=\"URL\" data-id=\"https:\/\/docs.google.com\/document\/d\/115q7OdGfZF4ZVFQmKYArqV5kZdlfRLZR\/edit?usp=drive_link&amp;ouid=115743940351997013825&amp;rtpof=true&amp;sd=true\" target=\"_blank\" rel=\"noreferrer noopener\">K\u00f6z\u00e9piskolai eredm\u00e9nyek 2022-23.tan\u00e9v<\/a><\/p>\n\n\n\n<p><a rel=\"noreferrer noopener\" href=\"https:\/\/docs.google.com\/document\/d\/1lxOCv638LFPM61dZ8fPwxd3fn6WgzQQl\/edit?usp=drive_link&amp;ouid=115743940351997013825&amp;rtpof=true&amp;sd=true\" target=\"_blank\">K\u00f6z\u00e9piskolai eredm\u00e9nyek 2024-25.tan\u00e9v<\/a><\/p>\n\n\n\n<p><a rel=\"noreferrer noopener\" href=\"https:\/\/docs.google.com\/document\/d\/1hE18M22bBxautCEnwlR3dsCGpkkJxZ_U\/edit?usp=drive_link&amp;ouid=115743940351997013825&amp;rtpof=true&amp;sd=true\" data-type=\"URL\" data-id=\"https:\/\/docs.google.com\/document\/d\/1hE18M22bBxautCEnwlR3dsCGpkkJxZ_U\/edit?usp=drive_link&amp;ouid=115743940351997013825&amp;rtpof=true&amp;sd=true\" target=\"_blank\">K\u00f6z\u00e9piskolai eredm\u00e9nyek 2024-25.tan\u00e9v<\/a><\/p>\n","protected":false},"excerpt":{"rendered":"<p>K\u00f6z\u00e9piskolai eredm\u00e9nyek 2014-15 9 \u00e9vfolyam K\u00f6z\u00e9piskolai eredm\u00e9nyek 2014-15 10 \u00e9vfolyam K\u00f6z\u00e9piskolai eredm\u00e9nyek 2021-22.tan\u00e9v K\u00f6z\u00e9piskolai eredm\u00e9nyek 2022-23.tan\u00e9v K\u00f6z\u00e9piskolai eredm\u00e9nyek 2022-23.tan\u00e9v K\u00f6z\u00e9piskolai eredm\u00e9nyek 2022-23.tan\u00e9v K\u00f6z\u00e9piskolai eredm\u00e9nyek 2024-25.tan\u00e9v&#8230;<\/p>\n","protected":false},"author":1,"featured_media":0,"parent":0,"menu_order":0,"comment_status":"closed","ping_status":"closed","template":"","meta":[],"_links":{"self":[{"href":"http:\/\/jaszoktatas.hu\/pusztamonostor\/wp-json\/wp\/v2\/pages\/158"}],"collection":[{"href":"http:\/\/jaszoktatas.hu\/pusztamonostor\/wp-json\/wp\/v2\/pages"}],"about":[{"href":"http:\/\/jaszoktatas.hu\/pusztamonostor\/wp-json\/wp\/v2\/types\/page"}],"author":[{"embeddable":true,"href":"http:\/\/jaszoktatas.hu\/pusztamonostor\/wp-json\/wp\/v2\/users\/1"}],"replies":[{"embeddable":true,"href":"http:\/\/jaszoktatas.hu\/pusztamonostor\/wp-json\/wp\/v2\/comments?post=158"}],"version-history":[{"count":10,"href":"http:\/\/jaszoktatas.hu\/pusztamonostor\/wp-json\/wp\/v2\/pages\/158\/revisions"}],"predecessor-version":[{"id":2917,"href":"http:\/\/jaszoktatas.hu\/pusztamonostor\/wp-json\/wp\/v2\/pages\/158\/revisions\/2917"}],"wp:attachment":[{"href":"http:\/\/jaszoktatas.hu\/pusztamonostor\/wp-json\/wp\/v2\/media?parent=158"}],"curies":[{"name":"wp","href":"https:\/\/api.w.org\/{rel}","templated":true}]}}