{"id":340,"date":"2018-11-18T18:09:54","date_gmt":"2018-11-18T18:09:54","guid":{"rendered":"http:\/\/jaszoktatas.hu\/jasztelek\/?page_id=340"},"modified":"2018-11-18T18:09:54","modified_gmt":"2018-11-18T18:09:54","slug":"fenntarto","status":"publish","type":"page","link":"http:\/\/jaszoktatas.hu\/jasztelek\/fenntarto\/","title":{"rendered":"Fenntart\u00f3"},"content":{"rendered":"<p>Fenntart\u00f3: Klebelsberg K\u00f6zpont<br \/>\nSz\u00e9khelye: 1054 Budapest, Bajcsy-Zsilinszky \u00fat 42-46.<br \/>\nTanker\u00fclet: J\u00e1szber\u00e9nyi Tanker\u00fcleti K\u00f6zpont<br \/>\nC\u00edme: 5100 J\u00e1szber\u00e9ny, Szabads\u00e1g t\u00e9r 16.<\/p>\n<p>&nbsp;<\/p>\n<p>Tanker\u00fcleti igazgat\u00f3: Zsemberi Zolt\u00e1n<br \/>\nJ\u00e1szber\u00e9nyi Tanker\u00fcleti K\u00f6zpont<br \/>\n5100 J\u00e1szber\u00e9ny, Szabads\u00e1g t\u00e9r 16.<br \/>\nTelefon: +36\/57\/795-209<\/p>\n<p>&nbsp;<\/p>\n<p>Szakmai helyettes: M\u00e9sz\u00e1rosn\u00e9 Vas M\u00e1rta<br \/>\nmarta.vas.meszarosne @ kk.gov.hu<br \/>\nTelefon: +36\/57\/795-203<\/p>\n","protected":false},"excerpt":{"rendered":"<p>Fenntart\u00f3: Klebelsberg K\u00f6zpont Sz\u00e9khelye: 1054 Budapest, Bajcsy-Zsilinszky \u00fat 42-46. Tanker\u00fclet: J\u00e1szber\u00e9nyi Tanker\u00fcleti K\u00f6zpont C\u00edme: 5100 J\u00e1szber\u00e9ny, Szabads\u00e1g t\u00e9r 16. &nbsp; Tanker\u00fcleti igazgat\u00f3: Zsemberi Zolt\u00e1n J\u00e1szber\u00e9nyi&#8230;<\/p>\n","protected":false},"author":1,"featured_media":0,"parent":0,"menu_order":0,"comment_status":"closed","ping_status":"closed","template":"","meta":[],"_links":{"self":[{"href":"http:\/\/jaszoktatas.hu\/jasztelek\/wp-json\/wp\/v2\/pages\/340"}],"collection":[{"href":"http:\/\/jaszoktatas.hu\/jasztelek\/wp-json\/wp\/v2\/pages"}],"about":[{"href":"http:\/\/jaszoktatas.hu\/jasztelek\/wp-json\/wp\/v2\/types\/page"}],"author":[{"embeddable":true,"href":"http:\/\/jaszoktatas.hu\/jasztelek\/wp-json\/wp\/v2\/users\/1"}],"replies":[{"embeddable":true,"href":"http:\/\/jaszoktatas.hu\/jasztelek\/wp-json\/wp\/v2\/comments?post=340"}],"version-history":[{"count":1,"href":"http:\/\/jaszoktatas.hu\/jasztelek\/wp-json\/wp\/v2\/pages\/340\/revisions"}],"predecessor-version":[{"id":341,"href":"http:\/\/jaszoktatas.hu\/jasztelek\/wp-json\/wp\/v2\/pages\/340\/revisions\/341"}],"wp:attachment":[{"href":"http:\/\/jaszoktatas.hu\/jasztelek\/wp-json\/wp\/v2\/media?parent=340"}],"curies":[{"name":"wp","href":"https:\/\/api.w.org\/{rel}","templated":true}]}}