{"id":12,"date":"2015-06-11T13:24:06","date_gmt":"2015-06-11T13:24:06","guid":{"rendered":"http:\/\/jaszoktatas.hu\/jasztelek\/?page_id=12"},"modified":"2025-10-21T08:41:21","modified_gmt":"2025-10-21T08:41:21","slug":"tantestulet","status":"publish","type":"page","link":"http:\/\/jaszoktatas.hu\/jasztelek\/tantestulet\/","title":{"rendered":"Tantest\u00fclet"},"content":{"rendered":"\n<figure class=\"wp-block-table\"><table><tbody><tr><td>Luk\u00e1csi Gy\u00f6rgy S\u00e1ndor<\/td><td>Tagint\u00e9zm\u00e9ny-igazgat\u00f3<\/td><\/tr><tr><td>Fazekasn\u00e9 Kisbakonyi T\u00fcnde Katalin<\/td><td>Tan\u00edt\u00f3<\/td><\/tr><tr><td>G\u00e1lik Adrienn<\/td><td>Tan\u00e1r<\/td><\/tr><tr><td>Kopp\u00e1nyn\u00e9 Dobos Szer\u00e9na Kl\u00e1ra<\/td><td>Tan\u00e1r<\/td><\/tr><tr><td>Kov\u00e1cs D\u00e1niel<\/td><td>Tan\u00edt\u00f3<\/td><\/tr><tr><td>Kuli D\u00e9nes J\u00f3zsefn\u00e9<\/td><td>Tan\u00edt\u00f3<\/td><\/tr><tr><td>Muhari \u00c9va<\/td><td>Tan\u00edt\u00f3<\/td><\/tr><tr><td>Sipos Erika<\/td><td>Tan\u00edt\u00f3<\/td><\/tr><tr><td>Szab\u00f3 Marianna<\/td><td>Tan\u00edt\u00f3<\/td><\/tr><tr><td>Szab\u00f3n\u00e9 Lakatos T\u00fcnde<\/td><td>Tan\u00edt\u00f3<\/td><\/tr><tr><td>Tam\u00e1s Katalin<\/td><td>Tan\u00edt\u00f3<\/td><\/tr><tr><td>Tam\u00e1s Zsuzsanna<\/td><td>Tan\u00edt\u00f3<\/td><\/tr><\/tbody><\/table><\/figure>\n\n\n\n<p>Oktat\u00e1st seg\u00edt\u0151 szem\u00e9lyek<\/p>\n\n\n\n<figure class=\"wp-block-table\"><table><tbody><tr><td>Bank\u00f3 Mil\u00e1n Zolt\u00e1n<\/td><td>Pedag\u00f3giai asszisztens<\/td><\/tr><tr><td>Dem\u00e9ny \u00c1gnes<\/td><td>Pedag\u00f3giai asszisztens<\/td><\/tr><tr><td>Kisbakonyin\u00e9 Lapis T\u00fcnde<\/td><td>Iskolatitk\u00e1r<\/td><\/tr><tr><td>Lajk\u00f3n\u00e9 S\u00f3spataki Edit<\/td><td>Pedag\u00f3giai asszisztens<\/td><\/tr><tr><td>Kov\u00e1cs Patrik M\u00e1rk<\/td><td>Rendszergazda<\/td><\/tr><\/tbody><\/table><\/figure>\n\n\n\n<p>\u00c1ttan\u00edt\u00f3 pedag\u00f3gusok<\/p>\n\n\n\n<figure class=\"wp-block-table\"><table><tbody><tr><td>Nagy Nat\u00e1lia<\/td><td>Logop\u00e9dus<\/td><\/tr><tr><td>Nagyn\u00e9 Feh\u00e9r Edit<\/td><td>Gy\u00f3gypedag\u00f3gus<\/td><\/tr><tr><td>Velkein\u00e9 Tumik Ren\u00e1ta<\/td><td>Fejleszt\u0151pedag\u00f3gus<\/td><\/tr><\/tbody><\/table><\/figure>\n","protected":false},"excerpt":{"rendered":"<p>Luk\u00e1csi Gy\u00f6rgy S\u00e1ndor Tagint\u00e9zm\u00e9ny-igazgat\u00f3 Fazekasn\u00e9 Kisbakonyi T\u00fcnde Katalin Tan\u00edt\u00f3 G\u00e1lik Adrienn Tan\u00e1r Kopp\u00e1nyn\u00e9 Dobos Szer\u00e9na Kl\u00e1ra Tan\u00e1r Kov\u00e1cs D\u00e1niel Tan\u00edt\u00f3 Kuli D\u00e9nes J\u00f3zsefn\u00e9 Tan\u00edt\u00f3 Muhari&#8230;<\/p>\n","protected":false},"author":2,"featured_media":0,"parent":0,"menu_order":0,"comment_status":"closed","ping_status":"closed","template":"page-templates\/full-width.php","meta":[],"_links":{"self":[{"href":"http:\/\/jaszoktatas.hu\/jasztelek\/wp-json\/wp\/v2\/pages\/12"}],"collection":[{"href":"http:\/\/jaszoktatas.hu\/jasztelek\/wp-json\/wp\/v2\/pages"}],"about":[{"href":"http:\/\/jaszoktatas.hu\/jasztelek\/wp-json\/wp\/v2\/types\/page"}],"author":[{"embeddable":true,"href":"http:\/\/jaszoktatas.hu\/jasztelek\/wp-json\/wp\/v2\/users\/2"}],"replies":[{"embeddable":true,"href":"http:\/\/jaszoktatas.hu\/jasztelek\/wp-json\/wp\/v2\/comments?post=12"}],"version-history":[{"count":16,"href":"http:\/\/jaszoktatas.hu\/jasztelek\/wp-json\/wp\/v2\/pages\/12\/revisions"}],"predecessor-version":[{"id":1118,"href":"http:\/\/jaszoktatas.hu\/jasztelek\/wp-json\/wp\/v2\/pages\/12\/revisions\/1118"}],"wp:attachment":[{"href":"http:\/\/jaszoktatas.hu\/jasztelek\/wp-json\/wp\/v2\/media?parent=12"}],"curies":[{"name":"wp","href":"https:\/\/api.w.org\/{rel}","templated":true}]}}