{"id":62,"date":"2015-05-29T08:42:17","date_gmt":"2015-05-29T08:42:17","guid":{"rendered":"http:\/\/jaszoktatas.hu\/jaszjakohalma\/?page_id=62"},"modified":"2015-11-14T23:26:22","modified_gmt":"2015-11-14T23:26:22","slug":"iskolankrol","status":"publish","type":"page","link":"http:\/\/jaszoktatas.hu\/jaszjakohalma\/?page_id=62","title":{"rendered":"Iskol\u00e1nkr\u00f3l"},"content":{"rendered":"<p>K\u00f6zs\u00e9g\u00fcnk, J\u00e1szj\u00e1k\u00f3halma r\u00e9gi m\u00faltra tekint vissza, legal\u00e1bb t\u00edzezer \u00e9ve lakj\u00e1k emberek. Els\u0151 \u00edr\u00e1sos eml\u00edt\u00e9se az 1300-as \u00e9vekb\u0151l sz\u00e1rmazik. A XX. sz\u00e1zad fordul\u00f3j\u00e1ra J\u00e1szj\u00e1k\u00f3halma egyre nagyobb fejl\u0151d\u00e9snek indult. 1908-ban \u00faj iskola\u00e9p\u00fcletet emeltek, &#8211; kifejezve az itt \u00e9l\u0151 ipaross\u00e1g ig\u00e9ny\u00e9t, &#8211; mely el\u0151sz\u00f6r minden \u00e9vfolyamnak, majd k\u00e9s\u0151bb, eg\u00e9szen 2003-ig az als\u00f3 tagozatnak adott otthont. 1960-ban elk\u00e9sz\u00fclt az \u00faj iskola\u00e9p\u00fclet, melyben a fels\u0151 tagozat kapott helyet. Jelenleg ebben, \u00e9s egy mellette tal\u00e1lhat\u00f3 k\u00e9t tantermes \u00e9p\u00fcletben van elhelyezve a nyolc \u00e9vfolyam. A r\u00e9gi, m\u0171eml\u00e9k jelleg\u0171 iskol\u00e1ban m\u00e1r nem folyik tan\u00edt\u00e1s. 1991-ben elk\u00e9sz\u00fclt az \u00faj tornaterem.<\/p>\n<p>\u00c1ltal\u00e1nos iskol\u00e1nk 1998. m\u00e1jus 6-\u00e1n, a J\u00e1szok Napj\u00e1n felvette a IV. B\u00e9la, a j\u00e1szokat letelep\u00edt\u0151 kir\u00e1lyunk nev\u00e9t. Iskol\u00e1nk alap\u00edt\u00f3 okirata szerint alapfeladatunk a k\u00f6zs\u00e9g tank\u00f6teles kor\u00fa gyermekeinek oktat\u00e1sa, nevel\u00e9se, az alapm\u0171velts\u00e9g megalapoz\u00e1sa. Ennek megfelel\u0151en int\u00e9zm\u00e9ny\u00fcnkben nyolc \u00e9vfolyamon egy-egy oszt\u00e1ly van. A k\u00f6zs\u00e9g t\u00f6bb \u00e9vsz\u00e1zados t\u00f6rt\u00e9nete arra k\u00f6telez benn\u00fcnket, hogy nevel\u0151 \u00e9s oktat\u00f3 munk\u00e1nkban kiemelt figyelmet ford\u00edtsunk a lak\u00f3hely \u00e9s a nemzet t\u00f6rt\u00e9nelm\u00e9nek, hagyom\u00e1nyainak megismertet\u00e9s\u00e9re, \u00e1pol\u00e1s\u00e1ra, a benn\u00fck rejl\u0151 \u00e9rt\u00e9kek meg\u0151rz\u00e9s\u00e9re, \u00e1tad\u00e1s\u00e1ra. Szeretn\u00e9nk kapcsolatot tartani a k\u00f6zs\u00e9gben m\u0171k\u00f6d\u0151 civil szervezetekkel is, s a vel\u00fck val\u00f3 k\u00f6z\u00f6s megmozdul\u00e1sokkal sz\u00ednes\u00edteni iskol\u00e1nk \u00e9let\u00e9t.<\/p>\n<p>Nevel\u0151 \u00e9s oktat\u00f3 munk\u00e1nk igazodik a k\u00fcl\u00f6nb\u00f6z\u0151 szoci\u00e1lis, anyagi, kultur\u00e1lis ig\u00e9ny\u0171 csal\u00e1dok gyermekeihez. Kiemelt feladatnak tekintj\u00fck a h\u00e1tr\u00e1nyos helyzet\u0171 tanul\u00f3k felz\u00e1rk\u00f3ztat\u00e1s\u00e1t, illetve a j\u00f3 k\u00e9pess\u00e9g\u0171 tanul\u00f3k tehets\u00e9ggondoz\u00e1s\u00e1t mind tan\u00f3r\u00e1n, mind tan\u00f3r\u00e1n k\u00edv\u00fcl. N\u00e9h\u00e1ny tanul\u00f3 integr\u00e1lt oktat\u00e1s\u00e1t gy\u00f3gypedag\u00f3gus \u00e9s fejleszt\u0151 pedag\u00f3gus seg\u00edts\u00e9g\u00e9vel oldjuk meg. C\u00e9lunk nem lehet m\u00e1s, mint a t\u00e1rsadalom \u00e9s a sz\u00fcl\u0151k c\u00e9lja: minden gyermekb\u0151l kihozni k\u00e9pess\u00e9gei maximum\u00e1t, hogy tud\u00e1suk legyen megalapozott, a k\u00e9s\u0151bbiekben j\u00f3l k\u00e9pzett feln\u0151ttekk\u00e9 v\u00e1ljanak, tal\u00e1lj\u00e1k meg hely\u00fcket az \u00e9letben. Szeretn\u00e9nk, ha az iskol\u00e1nkb\u00f3l kiker\u00fcl\u0151 tanul\u00f3k t\u00e1rsadalmunk hasznos, akt\u00edv, megbecs\u00fclt tagjaiv\u00e1 v\u00e1ln\u00e1nak. Ezen munk\u00e1lkodnak pedag\u00f3gusaink, hogy embers\u00e9get \u00e9s tud\u00e1st adjanak a j\u00e1szj\u00e1k\u00f3halmi di\u00e1koknak, \u00edgy el\u0151seg\u00edtve boldogul\u00e1sukat az \u00e9letben.<\/p>\n","protected":false},"excerpt":{"rendered":"<p>K\u00f6zs\u00e9g\u00fcnk, J\u00e1szj\u00e1k\u00f3halma r\u00e9gi m\u00faltra tekint vissza, legal\u00e1bb t\u00edzezer \u00e9ve lakj\u00e1k emberek. Els\u0151 \u00edr\u00e1sos eml\u00edt\u00e9se az 1300-as \u00e9vekb\u0151l sz\u00e1rmazik. A XX. sz\u00e1zad fordul\u00f3j\u00e1ra J\u00e1szj\u00e1k\u00f3halma egyre nagyobb&#8230;<\/p>\n","protected":false},"author":1,"featured_media":0,"parent":0,"menu_order":1,"comment_status":"closed","ping_status":"closed","template":"page-templates\/front-page.php","meta":[],"_links":{"self":[{"href":"http:\/\/jaszoktatas.hu\/jaszjakohalma\/index.php?rest_route=\/wp\/v2\/pages\/62"}],"collection":[{"href":"http:\/\/jaszoktatas.hu\/jaszjakohalma\/index.php?rest_route=\/wp\/v2\/pages"}],"about":[{"href":"http:\/\/jaszoktatas.hu\/jaszjakohalma\/index.php?rest_route=\/wp\/v2\/types\/page"}],"author":[{"embeddable":true,"href":"http:\/\/jaszoktatas.hu\/jaszjakohalma\/index.php?rest_route=\/wp\/v2\/users\/1"}],"replies":[{"embeddable":true,"href":"http:\/\/jaszoktatas.hu\/jaszjakohalma\/index.php?rest_route=%2Fwp%2Fv2%2Fcomments&post=62"}],"version-history":[{"count":2,"href":"http:\/\/jaszoktatas.hu\/jaszjakohalma\/index.php?rest_route=\/wp\/v2\/pages\/62\/revisions"}],"predecessor-version":[{"id":97,"href":"http:\/\/jaszoktatas.hu\/jaszjakohalma\/index.php?rest_route=\/wp\/v2\/pages\/62\/revisions\/97"}],"wp:attachment":[{"href":"http:\/\/jaszoktatas.hu\/jaszjakohalma\/index.php?rest_route=%2Fwp%2Fv2%2Fmedia&parent=62"}],"curies":[{"name":"wp","href":"https:\/\/api.w.org\/{rel}","templated":true}]}}

Iskolánkról

<p>Községünk, Jászjákóhalma régi múltra tekint vissza, legalább tízezer éve lakják emberek. Első írásos említése az 1300-as évekből származik. A XX. század fordulójára Jászjákóhalma egyre nagyobb fejlődésnek indult. 1908-ban új iskolaépületet emeltek, &#8211; kifejezve az itt élő iparosság igényét, &#8211; mely először minden évfolyamnak, majd később, egészen 2003-ig az alsó tagozatnak adott otthont. 1960-ban elkészült az új iskolaépület, melyben a felső tagozat kapott helyet. Jelenleg ebben, és egy mellette található két tantermes épületben van elhelyezve a nyolc évfolyam. A régi, műemlék jellegű iskolában már nem folyik tanítás. 1991-ben elkészült az új tornaterem.</p>
<p>Általános iskolánk 1998. május 6-án, a Jászok Napján felvette a IV. Béla, a jászokat letelepítő királyunk nevét. Iskolánk alapító okirata szerint alapfeladatunk a község tanköteles korú gyermekeinek oktatása, nevelése, az alapműveltség megalapozása. Ennek megfelelően intézményünkben nyolc évfolyamon egy-egy osztály van. A község több évszázados története arra kötelez bennünket, hogy nevelő és oktató munkánkban kiemelt figyelmet fordítsunk a lakóhely és a nemzet történelmének, hagyományainak megismertetésére, ápolására, a bennük rejlő értékek megőrzésére, átadására. Szeretnénk kapcsolatot tartani a községben működő civil szervezetekkel is, s a velük való közös megmozdulásokkal színesíteni iskolánk életét.</p>
<p>Nevelő és oktató munkánk igazodik a különböző szociális, anyagi, kulturális igényű családok gyermekeihez. Kiemelt feladatnak tekintjük a hátrányos helyzetű tanulók felzárkóztatását, illetve a jó képességű tanulók tehetséggondozását mind tanórán, mind tanórán kívül. Néhány tanuló integrált oktatását gyógypedagógus és fejlesztő pedagógus segítségével oldjuk meg. Célunk nem lehet más, mint a társadalom és a szülők célja: minden gyermekből kihozni képességei maximumát, hogy tudásuk legyen megalapozott, a későbbiekben jól képzett felnőttekké váljanak, találják meg helyüket az életben. Szeretnénk, ha az iskolánkból kikerülő tanulók társadalmunk hasznos, aktív, megbecsült tagjaivá válnának. Ezen munkálkodnak pedagógusaink, hogy emberséget és tudást adjanak a jászjákóhalmi diákoknak, így elősegítve boldogulásukat az életben.</p>

<p>Községünk, Jászjákóhalma régi múltra tekint vissza, legalább tízezer éve lakják emberek. Első írásos említése az 1300-as évekből származik. A XX. század fordulójára Jászjákóhalma egyre nagyobb&#8230;</p>
