{"id":583,"date":"2017-12-06T07:19:04","date_gmt":"2017-12-06T07:19:04","guid":{"rendered":"http:\/\/jaszoktatas.hu\/jaszjakohalma\/?page_id=583"},"modified":"2017-12-06T07:29:18","modified_gmt":"2017-12-06T07:29:18","slug":"egeri-kirandulas","status":"publish","type":"page","link":"http:\/\/jaszoktatas.hu\/jaszjakohalma\/?page_id=583","title":{"rendered":"Egeri kir\u00e1ndul\u00e1s"},"content":{"rendered":"<p>Augusztus 15-\u00e9n Egerbe indultunk kir\u00e1ndulni tanod\u00e1s t\u00e1rsaimmal. F\u00e9l 9-kor gy\u00fclekezt\u00fcnk, 9 \u00f3rakor volt indul\u00e1s.<\/p>\n<p>Egerben a busz leparkolt, mi pedig az \u00c9rsekkerten kereszt\u00fcl bes\u00e9t\u00e1ltunk a v\u00e1rosk\u00f6zpontba, a Bazilik\u00e1hoz. Bement\u00fcnk a Bazilik\u00e1ba, \u00e9s v\u00e9gigs\u00e9t\u00e1lva megcsod\u00e1ltuk a gy\u00f6ny\u00f6r\u0171 templombels\u0151t. A k\u00f6vetkez\u0151 \u00e1llom\u00e1st izgatottan v\u00e1rtuk, hiszen a tan\u00e1r n\u00e9nik felcsig\u00e1zt\u00e1k az \u00e9rdekl\u0151d\u00e9s\u00fcnket a \u201cV\u00e1ros a v\u00e1ros alatt\u201d ki\u00e1ll\u00edt\u00e1s ir\u00e1nt. Az idegenvezet\u0151 v\u00e9gigk\u00eds\u00e9rt benn\u00fcnket a v\u00e1ros alatti pincerendszeren. Nagyon \u00e9rdekes dolgokat tudtunk meg. A k\u00f6vetkez\u0151 meg\u00e1ll\u00f3 egy fagyiz\u00f3n\u00e1l volt, ahol finom fagyit ett\u00fcnk. Ezut\u00e1n visszas\u00e9t\u00e1ltunk az \u00c9rsekkertbe, ott egy kicsit megpihent\u00fcnk a sz\u00f6k\u0151k\u00fat mellett. Egy kis id\u0151 m\u00falva m\u00e1r ism\u00e9t a buszon \u00fclt\u00fcnk, \u00e9s elindultunk Egerszal\u00f3kra. Ott fels\u00e9t\u00e1ltunk a f\u00fcrd\u0151 melletti s\u00f3dombot megn\u00e9zni. A t\u00e1j nagyon sz\u00e9p volt, mindenkinek nagyon tetszett.<\/p>\n<p>Sajnos gyorsan eltelt ez a nap is, kellemesen elf\u00e1radva \u00e9rt\u00fcnk haza.<\/p>\n","protected":false},"excerpt":{"rendered":"<p>Augusztus 15-\u00e9n Egerbe indultunk kir\u00e1ndulni tanod\u00e1s t\u00e1rsaimmal. F\u00e9l 9-kor gy\u00fclekezt\u00fcnk, 9 \u00f3rakor volt indul\u00e1s. Egerben a busz leparkolt, mi pedig az \u00c9rsekkerten kereszt\u00fcl bes\u00e9t\u00e1ltunk a&#8230;<\/p>\n","protected":false},"author":1,"featured_media":0,"parent":0,"menu_order":0,"comment_status":"closed","ping_status":"closed","template":"","meta":[],"_links":{"self":[{"href":"http:\/\/jaszoktatas.hu\/jaszjakohalma\/index.php?rest_route=\/wp\/v2\/pages\/583"}],"collection":[{"href":"http:\/\/jaszoktatas.hu\/jaszjakohalma\/index.php?rest_route=\/wp\/v2\/pages"}],"about":[{"href":"http:\/\/jaszoktatas.hu\/jaszjakohalma\/index.php?rest_route=\/wp\/v2\/types\/page"}],"author":[{"embeddable":true,"href":"http:\/\/jaszoktatas.hu\/jaszjakohalma\/index.php?rest_route=\/wp\/v2\/users\/1"}],"replies":[{"embeddable":true,"href":"http:\/\/jaszoktatas.hu\/jaszjakohalma\/index.php?rest_route=%2Fwp%2Fv2%2Fcomments&post=583"}],"version-history":[{"count":2,"href":"http:\/\/jaszoktatas.hu\/jaszjakohalma\/index.php?rest_route=\/wp\/v2\/pages\/583\/revisions"}],"predecessor-version":[{"id":605,"href":"http:\/\/jaszoktatas.hu\/jaszjakohalma\/index.php?rest_route=\/wp\/v2\/pages\/583\/revisions\/605"}],"wp:attachment":[{"href":"http:\/\/jaszoktatas.hu\/jaszjakohalma\/index.php?rest_route=%2Fwp%2Fv2%2Fmedia&parent=583"}],"curies":[{"name":"wp","href":"https:\/\/api.w.org\/{rel}","templated":true}]}}