{"id":574,"date":"2017-12-06T07:17:08","date_gmt":"2017-12-06T07:17:08","guid":{"rendered":"http:\/\/jaszoktatas.hu\/jaszjakohalma\/?page_id=574"},"modified":"2017-12-06T07:26:33","modified_gmt":"2017-12-06T07:26:33","slug":"allatkerti-kirandulas","status":"publish","type":"page","link":"http:\/\/jaszoktatas.hu\/jaszjakohalma\/?page_id=574","title":{"rendered":"\u00c1llatkerti kir\u00e1ndul\u00e1s"},"content":{"rendered":"<p>Egy sz\u00e9p meleg ny\u00e1ri napon megl\u00e1togattuk az \u00e1llatokat a j\u00e1szber\u00e9nyi \u00e1llatkertben. Nagyon v\u00e1rtuk a kir\u00e1ndul\u00e1st, hiszen minden gyerek szereti az \u00e1llatokat.<\/p>\n<p>Mikor oda\u00e9rt\u00fcnk kapott minden gyerk\u0151c egy kis pap\u00edrt, ami seg\u00edts\u00e9g\u00e9vel tudtunk t\u00e1j\u00e9koz\u00f3dni az \u00e1llatok hely\u00e9r\u0151l. Kezdt\u00fcnk a pingvinekkel, akiknek \u00e9pp, akkor volt a l\u00e1tv\u00e1nyetet\u00e9s\u00fck. Sok fontos inform\u00e1ci\u00f3t hangzott el etet\u00e9s k\u00f6zben az \u00e1llatokr\u00f3l. A vidr\u00e1k, a tarajos s\u00fcl, a barna medv\u00e9k, a mos\u00f3medv\u00e9k l\u00e1tv\u00e1nyetet\u00e9s\u00e9t is megtekinthett\u00fck. Sok fontos dolgokat tanultunk ezen a d\u00e9lut\u00e1non az \u00e1llatok \u00e9let\u00e9r\u0151l, fejl\u0151d\u00e9s\u00e9r\u0151l. Minden di\u00e1k k\u00edv\u00e1ncsian figyelt \u00e9s m\u00e9g k\u00e9rd\u00e9seinket is feltehett\u00fck. Nagyon sz\u00e9pek voltak a majmok, az oroszl\u00e1nok \u00e9s a madarak is gy\u00f6ny\u00f6r\u0171 hangon \u00e9nekeltek nek\u00fcnk. K\u00fcl\u00f6n kiemeln\u00e9m a barna medv\u00e9k egym\u00e1s ir\u00e1nti szeretet\u00e9t, amit a v\u00edzben f\u00fcrd\u0151zve meg is mutattak nek\u00fcnk l\u00e1togat\u00f3knak. Nagyon j\u00f3l \u00e9rezt\u00fck magunkat ezen a napon, hiszen m\u00e9g a kis kecskegid\u00e1kat is megetethett\u00fck \u00e9s meg is simogathattuk.<\/p>\n<p>Szeretn\u00e9nk, ha t\u00f6bbsz\u00f6r lenne ilyen kir\u00e1ndul\u00e1sra lehet\u0151s\u00e9g\u00fcnk. Egy remek nap volt.<\/p>\n","protected":false},"excerpt":{"rendered":"<p>Egy sz\u00e9p meleg ny\u00e1ri napon megl\u00e1togattuk az \u00e1llatokat a j\u00e1szber\u00e9nyi \u00e1llatkertben. Nagyon v\u00e1rtuk a kir\u00e1ndul\u00e1st, hiszen minden gyerek szereti az \u00e1llatokat. Mikor oda\u00e9rt\u00fcnk kapott minden&#8230;<\/p>\n","protected":false},"author":1,"featured_media":0,"parent":0,"menu_order":0,"comment_status":"closed","ping_status":"closed","template":"","meta":[],"_links":{"self":[{"href":"http:\/\/jaszoktatas.hu\/jaszjakohalma\/index.php?rest_route=\/wp\/v2\/pages\/574"}],"collection":[{"href":"http:\/\/jaszoktatas.hu\/jaszjakohalma\/index.php?rest_route=\/wp\/v2\/pages"}],"about":[{"href":"http:\/\/jaszoktatas.hu\/jaszjakohalma\/index.php?rest_route=\/wp\/v2\/types\/page"}],"author":[{"embeddable":true,"href":"http:\/\/jaszoktatas.hu\/jaszjakohalma\/index.php?rest_route=\/wp\/v2\/users\/1"}],"replies":[{"embeddable":true,"href":"http:\/\/jaszoktatas.hu\/jaszjakohalma\/index.php?rest_route=%2Fwp%2Fv2%2Fcomments&post=574"}],"version-history":[{"count":2,"href":"http:\/\/jaszoktatas.hu\/jaszjakohalma\/index.php?rest_route=\/wp\/v2\/pages\/574\/revisions"}],"predecessor-version":[{"id":602,"href":"http:\/\/jaszoktatas.hu\/jaszjakohalma\/index.php?rest_route=\/wp\/v2\/pages\/574\/revisions\/602"}],"wp:attachment":[{"href":"http:\/\/jaszoktatas.hu\/jaszjakohalma\/index.php?rest_route=%2Fwp%2Fv2%2Fmedia&parent=574"}],"curies":[{"name":"wp","href":"https:\/\/api.w.org\/{rel}","templated":true}]}}