{"id":8,"date":"2015-05-21T10:55:27","date_gmt":"2015-05-21T10:55:27","guid":{"rendered":"http:\/\/jaszoktatas.hu\/jaszdozsa\/?page_id=8"},"modified":"2025-10-14T08:01:40","modified_gmt":"2025-10-14T08:01:40","slug":"tantestulet","status":"publish","type":"page","link":"http:\/\/jaszoktatas.hu\/jaszdozsa\/tantestulet\/","title":{"rendered":"Tantest\u00fclet"},"content":{"rendered":"\n<figure class=\"wp-block-image size-large\"><img decoding=\"async\" src=\"https:\/\/jaszoktatas.hu\/jaszdozsa\/wp-content\/upgrade\/Kepek\/2025%20Tan%C3%A1ri%20k%C3%B6z%C3%B6s%20k%C3%A9p\/Kozos_kep.png\" alt=\"\"\/><\/figure>\n\n\n\n<figure class=\"wp-block-table\"><table><tbody><tr><td><strong>Nagyn\u00e9 Kelemen Erika<\/strong><\/td><td><strong>Tagint\u00e9zm\u00e9ny &#8211; igazgat\u00f3<\/strong><br><br>\u00c1ltal\u00e1nos iskolai tan\u00edt\u00f3<br>Mesterpedag\u00f3gus<br><br>K\u00f6zoktat\u00e1si vezet\u0151 szakvizsga<br>Waldorf pedag\u00f3gus<br>Grassroots szervez\u0151<br>Testnevel\u00e9s m\u0171velts\u00e9gter\u00fclet<\/td><\/tr><tr><td><strong>Ny\u00faln\u00e9 K\u00f6v\u00e9r Melinda Zsuzsanna<\/strong><\/td><td><strong>\u00c1ltal\u00e1nos iskolai tan\u00edt\u00f3<\/strong><br><br>Pedag\u00f3giai szakos nevel\u0151tan\u00e1r<br>Erk\u00f6lcstan 60 \u00f3ra<br>Ember \u00e9s t\u00e1rsadalom m\u0171velts\u00e9gter\u00fclet<br>K\u00f6zoktat\u00e1s vezet\u0151i szakvizsga<\/td><\/tr><tr><td><strong>\u00d6rd\u00f6g Bal\u00e1zs<\/strong><\/td><td><strong>\u00c1ltal\u00e1nos iskolai tan\u00e1r<\/strong><br><br>Angol nyelv \u00e9s t\u00f6rt\u00e9nelem szak<\/td><\/tr><tr><td><strong>Panyi Csaba<\/strong><\/td><td><strong>\u00c1ltal\u00e1nos iskolai tan\u00e1r<\/strong><br><br>Testnevel\u0151 tan\u00e1r<br>K\u00f6z\u00e9piskolai tan\u00e1r<br>Gy\u00f3gytestnevel\u0151 tan\u00e1r<br>\u00dasz\u00f3edz\u0151<\/td><\/tr><tr><td><strong>So\u00f3s Fl\u00f3ra<\/strong><\/td><td><strong>\u00c1ltal\u00e1nos iskolai tan\u00edt\u00f3<\/strong><br><br>Magyar nyelv \u00e9s irodalom m\u0171velts\u00e9gter\u00fclet<br>Angol k\u00f6z\u00e9pfok<\/td><\/tr><tr><td><strong>Szab\u00f3n\u00e9 Boly\u00f3s M\u00e1rta<\/strong><\/td><td><strong>\u00c1ltal\u00e1nos iskolai tan\u00edt\u00f3<\/strong><br><br>N\u00e9met szakkoll\u00e9gium<br>N\u00e9met fels\u0151fok<\/td><\/tr><tr><td><strong>Gy\u0151rfi Lili<\/strong><\/td><td><strong>Pedag\u00f3giai asszisztens<\/strong><\/td><\/tr><tr><td><strong>Bogn\u00e1r Linda<\/strong><\/td><td><strong>Iskolatitk\u00e1r<\/strong><br><br>Gy\u00f3gypedag\u00f3giai asszisztens<\/td><\/tr><tr><td><strong>Luk\u00e1csi P\u00e1ln\u00e9 Besenyei Zsuzsanna<\/strong><\/td><td><strong>\u00c1ltal\u00e1nos iskolai tan\u00e1r<\/strong><br><br>Biol\u00f3gia &#8211; f\u00f6ldrajz szak<\/td><\/tr><tr><td><strong>Dudukn\u00e9 Paksi Gabriella<\/strong><\/td><td><strong>\u00c1ltal\u00e1nos iskolai tan\u00edt\u00f3<\/strong><br><br>Magyar nyelv \u00e9s irodalom m\u0171velts\u00e9gter\u00fclet<br>\u00c9nek-zene m\u0171velts\u00e9gter\u00fclet<br>Ember \u00e9s t\u00e1rsadalom m\u0171velts\u00e9gter\u00fclet<br>Pedag\u00f3giatan\u00e1r mesterk\u00e9pz\u00e9s<br>K\u00f6zoktat\u00e1si vezet\u0151 \u00e9s pedag\u00f3gus szakvizsga<br>Angol k\u00f6z\u00e9pfok<\/td><\/tr><tr><td><strong>H\u00f3dosi Erika<\/strong><\/td><td><strong>\u00c1ltal\u00e1nos iskolai tan\u00edt\u00f3<\/strong><br><br>\u00c9nek szakkoll\u00e9gium<br>Term\u00e9szetismeret m\u0171velts\u00e9gter\u00fclet<\/td><\/tr><tr><td><strong>Keresztesi L\u00e1szl\u00f3n\u00e9<\/strong><\/td><td><strong>\u00c1ltal\u00e1nos iskolai tan\u00e1r<\/strong><br><br>Matematika &#8211; fizika szak<\/td><\/tr><tr><td><strong>Kiss G\u00e1bor Zolt\u00e1nn\u00e9<\/strong><\/td><td><strong>\u00c1ltal\u00e1nos iskolai tan\u00e1r<\/strong><br><br>Rajz szakkoll\u00e9gium<br>K\u00f6z\u00e9piskolai tan\u00e1r<br>Iparm\u0171v\u00e9szeti Egyetem<br>Vizu\u00e1lis \u00e9s k\u00f6rnyezetkult\u00fara mesterk\u00e9pz\u00e9s<\/td><\/tr><tr><td><strong>Kissn\u00e9 Guba Zsuzsanna<\/strong><\/td><td><strong>\u00c1ltal\u00e1nos iskolai tan\u00e1r<\/strong><br><br>Magyar, t\u00f6rt\u00e9nelem szak<br>K\u00f6nyvt\u00e1ros szak &#8211; Informatikai szakir\u00e1ny<br>Erk\u00f6lcstan 60 \u00f3ra<br>K\u00f6zoktat\u00e1si vezet\u0151 szakvizsga<\/td><\/tr><tr><td><strong>Koh\u00e1ri \u00c9va<\/strong><\/td><td><strong>\u00c1ltal\u00e1nos iskolai tan\u00edt\u00f3<\/strong><br><br>N\u00e9pm\u0171vel\u00e9s szakkoll\u00e9gium<br>Matematika m\u0171velts\u00e9gter\u00fclet<\/td><\/tr><\/tbody><\/table><\/figure>\n\n\n\n<p class=\"has-text-align-center\"><strong>\u00d3raad\u00f3k, \u00e1ttan\u00edt\u00f3 nevel\u0151k<\/strong><\/p>\n\n\n\n<figure class=\"wp-block-table\"><table><tbody><tr><td>Csaba-Simon \u00c9va<\/td><td>Logop\u00e9dus<\/td><\/tr><tr><td>F\u00fcl\u00f6p Zolt\u00e1n<\/td><td>Informatika tan\u00e1r<\/td><\/tr><tr><td>Nagy Gabriella<\/td><td>Hittan oktat\u00f3<\/td><\/tr><tr><td>Nagyn\u00e9 Feh\u00e9r Edit<\/td><td>Gy\u00f3gypedag\u00f3gus<\/td><\/tr><tr><td>Bagin\u00e9 Gavaldik L\u00edvia<\/td><td>Iskolapszichol\u00f3gus<\/td><\/tr><tr><td>Kov\u00e1cs Patrik M\u00e1rk<\/td><td>Rendszergazda<\/td><\/tr><\/tbody><\/table><\/figure>\n","protected":false},"excerpt":{"rendered":"<p>Nagyn\u00e9 Kelemen Erika Tagint\u00e9zm\u00e9ny &#8211; igazgat\u00f3 \u00c1ltal\u00e1nos iskolai tan\u00edt\u00f3Mesterpedag\u00f3gus K\u00f6zoktat\u00e1si vezet\u0151 szakvizsgaWaldorf pedag\u00f3gusGrassroots szervez\u0151Testnevel\u00e9s m\u0171velts\u00e9gter\u00fclet Ny\u00faln\u00e9 K\u00f6v\u00e9r Melinda Zsuzsanna \u00c1ltal\u00e1nos iskolai tan\u00edt\u00f3 Pedag\u00f3giai szakos nevel\u0151tan\u00e1rErk\u00f6lcstan&#8230;<\/p>\n","protected":false},"author":1,"featured_media":0,"parent":0,"menu_order":2,"comment_status":"closed","ping_status":"closed","template":"","meta":[],"_links":{"self":[{"href":"http:\/\/jaszoktatas.hu\/jaszdozsa\/wp-json\/wp\/v2\/pages\/8"}],"collection":[{"href":"http:\/\/jaszoktatas.hu\/jaszdozsa\/wp-json\/wp\/v2\/pages"}],"about":[{"href":"http:\/\/jaszoktatas.hu\/jaszdozsa\/wp-json\/wp\/v2\/types\/page"}],"author":[{"embeddable":true,"href":"http:\/\/jaszoktatas.hu\/jaszdozsa\/wp-json\/wp\/v2\/users\/1"}],"replies":[{"embeddable":true,"href":"http:\/\/jaszoktatas.hu\/jaszdozsa\/wp-json\/wp\/v2\/comments?post=8"}],"version-history":[{"count":46,"href":"http:\/\/jaszoktatas.hu\/jaszdozsa\/wp-json\/wp\/v2\/pages\/8\/revisions"}],"predecessor-version":[{"id":6918,"href":"http:\/\/jaszoktatas.hu\/jaszdozsa\/wp-json\/wp\/v2\/pages\/8\/revisions\/6918"}],"wp:attachment":[{"href":"http:\/\/jaszoktatas.hu\/jaszdozsa\/wp-json\/wp\/v2\/media?parent=8"}],"curies":[{"name":"wp","href":"https:\/\/api.w.org\/{rel}","templated":true}]}}