{"id":6729,"date":"2022-09-27T14:51:18","date_gmt":"2022-09-27T14:51:18","guid":{"rendered":"http:\/\/jaszoktatas.hu\/jaszdozsa\/?page_id=6729"},"modified":"2025-10-14T06:13:10","modified_gmt":"2025-10-14T06:13:10","slug":"iskolai-dokumentumok","status":"publish","type":"page","link":"http:\/\/jaszoktatas.hu\/jaszdozsa\/iskolai-dokumentumok\/","title":{"rendered":"Iskolai dokumentumok"},"content":{"rendered":"\n<p>A H\u00e1zirend megtekinthet\u0151 erre &nbsp;a linkre kattintva:&nbsp;<a href=\"https:\/\/jaszoktatas.hu\/jaszdozsa\/wp-content\/upgrade\/Dokumentumok\/2025\/Jaszdozsa_hazirend_2024_alairva.pdf\" target=\"_blank\" rel=\"noreferrer noopener\"><strong>H\u00c1ZIREND<\/strong><\/a><\/p>\n\n\n\n<p>Pedag\u00f3giai program megtekinthet\u0151 erre &nbsp;a linkre kattintva:&nbsp;<a href=\"https:\/\/jaszoktatas.hu\/jaszdozsa\/wp-content\/upgrade\/Dokumentumok\/2025\/Jaszdozsa_PP_2024_alairva.pdf\" target=\"_blank\" rel=\"noreferrer noopener\"><strong>PEDAG\u00d3GIAI PROGRAM<\/strong><\/a><\/p>\n\n\n\n<p>Szervezeti \u00e9s M\u0171k\u00f6d\u00e9si Szab\u00e1lyzat:&nbsp;<strong><a href=\"https:\/\/jaszoktatas.hu\/jaszdozsa\/wp-content\/upgrade\/Dokumentumok\/2025\/Intezmenyi_SZMSZ_2024_jovahagyva.pdf\" target=\"_blank\" rel=\"noreferrer noopener\">INT\u00c9ZM\u00c9NYI SZMSZ<\/a><\/strong><\/p>\n\n\n\n<p>J\u00e1szs\u00e1gi \u00c1ltal\u00e1nos Iskola szakmai alapdokumentuma:&nbsp;<strong><a href=\"https:\/\/jaszoktatas.hu\/jaszdozsa\/wp-content\/upgrade\/Dokumentumok\/2025\/Szakmai%20alapdokumentum_J%C3%81I-2024.pdf\" target=\"_blank\" rel=\"noreferrer noopener\">J\u00c1I alapdokumentum<\/a><\/strong><\/p>\n\n\n\n<p>Panaszkezel\u00e9si szab\u00e1lyzat:&nbsp;<a href=\"http:\/\/jaszoktatas.hu\/jaszdozsa\/dokumentumok\/PSZ2020.pdf\" target=\"_blank\" rel=\"noreferrer noopener\">PANASZKEZEL\u00c9SI SZAB\u00c1LYZAT<\/a><\/p>\n\n\n\n<p>Adatkezel\u00e9si szab\u00e1lyzat:\u00a0<a rel=\"noreferrer noopener\" href=\"http:\/\/jaszoktatas.hu\/jaszdozsa\/dokumentumok\/adatkezelesiszabalyzat2021.pdf\" target=\"_blank\">ADATKEZEL\u00c9SI SZAB\u00c1LYZAT<\/a><\/p>\n\n\n\n<p>Int\u00e9zm\u00e9nyi k\u00f6zz\u00e9t\u00e9teli lista Boz\u00f3ky: <a href=\"https:\/\/jaszoktatas.hu\/jaszdozsa\/wp-content\/upgrade\/Kepek\/2025%20Int%C3%A9zm%C3%A9ny%20k%C3%B6zz%C3%A9t%C3%A9teli%20lista\/Int%C3%A9zm%C3%A9nyi%20K%C3%B6zz%C3%A9t%C3%A9teli%20lista.pdf\" target=\"_blank\" rel=\"noreferrer noopener\">j\u00e1szd\u00f3zsai Int\u00e9zm\u00e9nyi k\u00f6zz\u00e9t\u00e9teli lista<\/a><\/p>\n\n\n\n<p><strong>Boz\u00f3ky J\u00e1nos \u00c1ltal\u00e1nos Iskolai Tagint\u00e9zm\u00e9ny &nbsp;Helyi Tanterve :<\/strong><\/p>\n\n\n\n<p><a href=\"https:\/\/jaszoktatas.hu\/jaszdozsa\/wp-content\/upgrade\/Dokumentumok\/2025\/Tantervek\/5-6.%20%20%C3%A9nek%20helyi%20tanterv.pdf\" target=\"_blank\" rel=\"noreferrer noopener\">5-6. \u00e9nek helyi tanterv<\/a><\/p>\n\n\n\n<p><a href=\"https:\/\/jaszoktatas.hu\/jaszdozsa\/wp-content\/upgrade\/Dokumentumok\/2025\/Tantervek\/5-6.oszt%C3%A1ly2020%20helyi%20tanterv.pdf\" target=\"_blank\" rel=\"noreferrer noopener\">5-6. oszt\u00e1ly 2020 helyi tanterv<\/a><\/p>\n\n\n\n<p><a href=\"https:\/\/jaszoktatas.hu\/jaszdozsa\/wp-content\/upgrade\/Dokumentumok\/2025\/Tantervek\/%C3%81llampolg%C3%A1ri%20ismeretek%20helyi%20tanterv_Boz%C3%B3ky_8.pdf\" target=\"_blank\" rel=\"noreferrer noopener\">\u00c1llampolg\u00e1ri ismeretek helyi tanterv Boz\u00f3ky 8<\/a><\/p>\n\n\n\n<p><a href=\"https:\/\/jaszoktatas.hu\/jaszdozsa\/wp-content\/upgrade\/Dokumentumok\/2025\/Tantervek\/Angol%20helyi%20tanterv%204.%20oszt%C3%A1ly%20-%20heti%202%20%C3%B3ra.pdf\" target=\"_blank\" rel=\"noreferrer noopener\">Angol helyi tanterv 4. oszt\u00e1ly heti 2 \u00f3ra<\/a><\/p>\n\n\n\n<p><a href=\"https:\/\/jaszoktatas.hu\/jaszdozsa\/wp-content\/upgrade\/Dokumentumok\/2025\/Tantervek\/Angol_7-8_Helyi%20tanterv_Boz%C3%B3ky_2020.pdf\" target=\"_blank\" rel=\"noreferrer noopener\">Angol 7-8 Helyi tanterv Boz\u00f3ky 2020<\/a><\/p>\n\n\n\n<p><a href=\"https:\/\/jaszoktatas.hu\/jaszdozsa\/wp-content\/upgrade\/Dokumentumok\/2025\/Tantervek\/Biol%C3%B3gia_7-8_Helyi%20tanterv_Boz%C3%B3ky_2020.pdf\" target=\"_blank\" rel=\"noreferrer noopener\">Biol\u00f3gia 7-8 Helyi tanterv Boz\u00f3ky 2020<\/a><\/p>\n\n\n\n<p><a href=\"https:\/\/jaszoktatas.hu\/jaszdozsa\/wp-content\/upgrade\/Dokumentumok\/2025\/Tantervek\/digit%C3%A1lis%20kult%C3%BAra%203-4.o.HT..pdf\" target=\"_blank\" rel=\"noreferrer noopener\">Digit\u00e1lis kult\u00fara 3-4 oszt\u00e1ly HT<\/a><\/p>\n\n\n\n<p><a href=\"https:\/\/jaszoktatas.hu\/jaszdozsa\/wp-content\/upgrade\/Dokumentumok\/2025\/Tantervek\/Dr%C3%A1ma%20%C3%A9s%20sz%C3%ADnh%C3%A1z%20helyi%20tanterv_Boz%C3%B3ky_7.pdf\" target=\"_blank\" rel=\"noreferrer noopener\">Dr\u00e1ma \u00e9s sz\u00ednh\u00e1z helyi tanterv Boz\u00f3ky 7<\/a><\/p>\n\n\n\n<p><a href=\"https:\/\/jaszoktatas.hu\/jaszdozsa\/wp-content\/upgrade\/Dokumentumok\/2025\/Tantervek\/%C3%89nek%207.%C3%A9vfolyam_helyi%20tanterv.pdf\" target=\"_blank\" rel=\"noreferrer noopener\">\u00c9nek 7. \u00e9vfolyam helyi tanterv<\/a><\/p>\n\n\n\n<p><a href=\"https:\/\/jaszoktatas.hu\/jaszdozsa\/wp-content\/upgrade\/Dokumentumok\/2025\/Tantervek\/%C3%89nek%208.%C3%A9vfolyam_helyi%20tanterv.pdf\" target=\"_blank\" rel=\"noreferrer noopener\">\u00c9nek 8.\u00e9vfolyam helyi tanterv<\/a><\/p>\n\n\n\n<p><a href=\"https:\/\/jaszoktatas.hu\/jaszdozsa\/wp-content\/upgrade\/Dokumentumok\/2025\/Tantervek\/%C3%89nek-zene%201-4.%20heti%202%20%C3%B3ra-3.pdf\" target=\"_blank\" rel=\"noreferrer noopener\">\u00c9nek-zene 1-4 heti 2 \u00f3ra-3<\/a><\/p>\n\n\n\n<p><a href=\"https:\/\/jaszoktatas.hu\/jaszdozsa\/wp-content\/upgrade\/Dokumentumok\/2025\/Tantervek\/%C3%89nek-zene%201.-2.-o.Helyi%20t..pdf\" target=\"_blank\" rel=\"noreferrer noopener\">\u00c9nek-zene 1.2. oszt\u00e1ly Helyi tanterv<\/a><\/p>\n\n\n\n<p><a href=\"https:\/\/jaszoktatas.hu\/jaszdozsa\/wp-content\/upgrade\/Dokumentumok\/2025\/Tantervek\/Etika%20_7-8_Helyi%20tanterv_Boz%C3%B3ky%202020.pdf\" target=\"_blank\" rel=\"noreferrer noopener\">Etika 7-8 Helyi tanterv Boz\u00f3ky 2020<\/a><\/p>\n\n\n\n<p><a href=\"https:\/\/jaszoktatas.hu\/jaszdozsa\/wp-content\/upgrade\/Dokumentumok\/2025\/Tantervek\/Etika%201.-2.o.%20Helyi%20t..pdf\" target=\"_blank\" rel=\"noreferrer noopener\">Etika 1.-2. oszt\u00e1ly Helyi tanterv<\/a><\/p>\n\n\n\n<p><a href=\"https:\/\/jaszoktatas.hu\/jaszdozsa\/wp-content\/upgrade\/Dokumentumok\/2025\/Tantervek\/Etika%20helyi%20tanterv_%20Boz%C3%B3ky_5-6.pdf\" target=\"_blank\" rel=\"noreferrer noopener\">Etika Helyi tanterv Boz\u00f3ky 5-6<\/a><\/p>\n\n\n\n<p><a href=\"https:\/\/jaszoktatas.hu\/jaszdozsa\/wp-content\/upgrade\/Dokumentumok\/2025\/Tantervek\/F%C3%B6ldrajz_7-8_Helyi%20tanterv_Boz%C3%B3ky_2020.pdf\" target=\"_blank\" rel=\"noreferrer noopener\">F\u00f6ldrajz 7-8 Helyi tanterv Boz\u00f3ky 2020<\/a><\/p>\n\n\n\n<p><a href=\"https:\/\/jaszoktatas.hu\/jaszdozsa\/wp-content\/upgrade\/Dokumentumok\/2025\/Tantervek\/Helyi_tanterv_Digitalis_kultura_7-8.pdf\" target=\"_blank\" rel=\"noreferrer noopener\">Helyi tanterv Digit\u00e1lis kult\u00fara 7-8<\/a><\/p>\n\n\n\n<p><a href=\"https:\/\/jaszoktatas.hu\/jaszdozsa\/wp-content\/upgrade\/Dokumentumok\/2025\/Tantervek\/Helyi_tanterv_tervezete_5.6.testnevel%C3%A9s.pdf\" target=\"_blank\" rel=\"noreferrer noopener\">Helyi tanterv tervezete 5.6. testnevel\u00e9s<\/a><\/p>\n\n\n\n<p><a href=\"https:\/\/jaszoktatas.hu\/jaszdozsa\/wp-content\/upgrade\/Dokumentumok\/2025\/Tantervek\/Helyi-tanterv_Etika_3-4.%C3%A9vfolyam_heti%201%20%C3%B3r%C3%A1s.pdf\" target=\"_blank\" rel=\"noreferrer noopener\">Helyi tanterv Etika 3-4. \u00e9vfolyam heti 1 \u00f3r\u00e1s<\/a><\/p>\n\n\n\n<p><a href=\"https:\/\/jaszoktatas.hu\/jaszdozsa\/wp-content\/upgrade\/Dokumentumok\/2025\/Tantervek\/K%C3%B6rnyezetismeret%20helyi%20tanterv-%203.%20-%204.%20heti%201%20%C3%B3r%C3%A1s.pdf\" target=\"_blank\" rel=\"noreferrer noopener\">K\u00f6rnyezetismeret helyi tanterv 3. &#8211; 4. heti 1 \u00f3r\u00e1s<\/a><\/p>\n\n\n\n<p><a href=\"https:\/\/jaszoktatas.hu\/jaszdozsa\/wp-content\/upgrade\/Dokumentumok\/2025\/Tantervek\/K%C3%B6z%C3%B6ss%C3%A9gi%20nevel%C3%A9s_7-8_%20Helyi%20tanterv_%20Boz%C3%B3ky_2020.pdf\" target=\"_blank\" rel=\"noreferrer noopener\">K\u00f6z\u00f6ss\u00e9gi nevel\u00e9s 7-8 Helyi tanterv Boz\u00f3ky 2020<\/a><\/p>\n\n\n\n<p><a href=\"https:\/\/jaszoktatas.hu\/jaszdozsa\/wp-content\/upgrade\/Dokumentumok\/2025\/Tantervek\/Magyar%20nyelv%20%C3%A9s%20irodalom%201.-2.o.%20Helyi%20t..pdf\" target=\"_blank\" rel=\"noreferrer noopener\">Magyar nyelv \u00e9s irodalom 1.-2. oszt\u00e1ly Helyi tanterv<\/a><\/p>\n\n\n\n<p><a href=\"https:\/\/jaszoktatas.hu\/jaszdozsa\/wp-content\/upgrade\/Dokumentumok\/2025\/Tantervek\/Magyar%20nyelv%20%C3%A9s%20irodalom%20helyi%20tanterv%20%283-4.%29.pdf\" target=\"_blank\" rel=\"noreferrer noopener\">Magyar nyelv \u00e9s irodalom helyi tanterv (3-4.)<\/a><\/p>\n\n\n\n<p><a href=\"https:\/\/jaszoktatas.hu\/jaszdozsa\/wp-content\/upgrade\/Dokumentumok\/2025\/Tantervek\/Magyar%20nyelv%20%C3%A9s%20irodalom_7-8_Helyi%20tanterv_Boz%C3%B3ky_2020.pdf\" target=\"_blank\" rel=\"noreferrer noopener\">Magyar nyelv \u00e9s irodalom 7-8 Helyi tanterv Boz\u00f3ky 2020<\/a><\/p>\n\n\n\n<p><a href=\"https:\/\/jaszoktatas.hu\/jaszdozsa\/wp-content\/upgrade\/Dokumentumok\/2025\/Tantervek\/Matematika%201.-2.%20o.%20Helyi%20t..pdf\" target=\"_blank\" rel=\"noreferrer noopener\">Matematika 1.-2. oszt\u00e1ly Helyi tanterv<\/a><\/p>\n\n\n\n<p><a href=\"https:\/\/jaszoktatas.hu\/jaszdozsa\/wp-content\/upgrade\/Dokumentumok\/2025\/Tantervek\/Matematika%20Helyi-tanterv-3-4.%20heti%205%20%C3%B3r%C3%A1s.pdf\" target=\"_blank\" rel=\"noreferrer noopener\">Matematika Helyi-tanterv 3-4. heti 5 \u00f3r\u00e1s<\/a><\/p>\n\n\n\n<p><a href=\"https:\/\/jaszoktatas.hu\/jaszdozsa\/wp-content\/upgrade\/Dokumentumok\/2025\/Tantervek\/N%C3%A9met%20nyelv%20helyi%20tanterv_Boz%C3%B3ky_5_6.pdf\" target=\"_blank\" rel=\"noreferrer noopener\">N\u00e9met nyelv Helyi tanterv Boz\u00f3ky 5.-6.<\/a><\/p>\n\n\n\n<p><a href=\"https:\/\/jaszoktatas.hu\/jaszdozsa\/wp-content\/upgrade\/Dokumentumok\/2025\/Tantervek\/N%C3%A9met_7-8_Helyi%20tanterv_Boz%C3%B3ky_2020.pdf\" target=\"_blank\" rel=\"noreferrer noopener\">N\u00e9met 7-8 Helyi tanterv Boz\u00f3ky 2020<\/a><\/p>\n\n\n\n<p><a href=\"https:\/\/jaszoktatas.hu\/jaszdozsa\/wp-content\/upgrade\/Dokumentumok\/2025\/Tantervek\/Technika%201.-2.o.Helyi%20t..pdf\" target=\"_blank\" rel=\"noreferrer noopener\">Technika 1.-2. oszt\u00e1ly Helyi tanterv<\/a><\/p>\n\n\n\n<p><a href=\"https:\/\/jaszoktatas.hu\/jaszdozsa\/wp-content\/upgrade\/Dokumentumok\/2025\/Tantervek\/Technika-%C3%A9s-tervez%C3%A9s_3-4.%C3%A9vfolyam%20heti%201%20%C3%B3r%C3%A1s.pdf\" target=\"_blank\" rel=\"noreferrer noopener\">Technika \u00e9s tervez\u00e9s 3-4. \u00e9vfolyam heti 1 \u00f3r\u00e1s<\/a><\/p>\n\n\n\n<p><a href=\"https:\/\/jaszoktatas.hu\/jaszdozsa\/wp-content\/upgrade\/Dokumentumok\/2025\/Tantervek\/Tesi%20helyi%20tanterv%203.-4.%202020..pdf\" target=\"_blank\" rel=\"noreferrer noopener\">Tesi helyi tanterv 3.-4. 2020<\/a><\/p>\n\n\n\n<p><a href=\"https:\/\/jaszoktatas.hu\/jaszdozsa\/wp-content\/upgrade\/Dokumentumok\/2025\/Tantervek\/Testnevel%C3%A9s%201-2.pdf\" target=\"_blank\" rel=\"noreferrer noopener\">Testnevel\u00e9s 1-2<\/a><\/p>\n\n\n\n<p><a href=\"https:\/\/jaszoktatas.hu\/jaszdozsa\/wp-content\/upgrade\/Dokumentumok\/2025\/Tantervek\/Testnevel%C3%A9s_7-8_Helyi%20tanterv_Boz%C3%B3ky_2020.pdf\" target=\"_blank\" rel=\"noreferrer noopener\">Testnevel\u00e9s 7-8 Helyi tanterv Boz\u00f3ky 2020<\/a><\/p>\n\n\n\n<p><a href=\"https:\/\/jaszoktatas.hu\/jaszdozsa\/wp-content\/upgrade\/Dokumentumok\/2025\/Tantervek\/T%C3%B6rt%C3%A9nelem%20helyi%20tanterv_Boz%C3%B3ky_5-6.pdf\" target=\"_blank\" rel=\"noreferrer noopener\">T\u00f6rt\u00e9nelem Helyi tanterv Boz\u00f3ky 5-6<\/a><\/p>\n\n\n\n<p><a href=\"https:\/\/jaszoktatas.hu\/jaszdozsa\/wp-content\/upgrade\/Dokumentumok\/2025\/Tantervek\/T%C3%B6rt%C3%A9nelem_7-8_Helyi%20tanterv_Boz%C3%B3ky%202020.pdf\" target=\"_blank\" rel=\"noreferrer noopener\">T\u00f6rt\u00e9nelem 7-8 Helyi tanterv Boz\u00f3ky 2020<\/a><\/p>\n\n\n\n<p><a href=\"https:\/\/jaszoktatas.hu\/jaszdozsa\/wp-content\/upgrade\/Dokumentumok\/2025\/Tantervek\/Vizu%C3%A1lis%20kult%C3%BAra%205-6.%20%C3%A9vfolyam.pdf\" target=\"_blank\" rel=\"noreferrer noopener\">Vizu\u00e1lis kult\u00fara 5-6. \u00e9vfolyam<\/a><\/p>\n\n\n\n<p><a href=\"https:\/\/jaszoktatas.hu\/jaszdozsa\/wp-content\/upgrade\/Dokumentumok\/2025\/Tantervek\/Vizu%C3%A1lis%20kult%C3%BAra_7-8_Helyi%20tanterv_Boz%C3%B3ky_2020.pdf\" target=\"_blank\" rel=\"noreferrer noopener\">Vizu\u00e1lis kult\u00fara 7-8 Helyi tanterv Boz\u00f3ky 2020<\/a><\/p>\n\n\n\n<p><a href=\"https:\/\/jaszoktatas.hu\/jaszdozsa\/wp-content\/upgrade\/Dokumentumok\/2025\/Tantervek\/Vizu%C3%A1lis-kult%C3%BAra-helyi-tanterv-1-4.-%C3%A9vfolyam.pdf\" target=\"_blank\" rel=\"noreferrer noopener\">Vizu\u00e1lis kult\u00fara Helyi tanterv 1-4. \u00e9vfolyam<\/a><\/p>\n\n\n\n<p><a href=\"https:\/\/jaszoktatas.hu\/jaszdozsa\/wp-content\/upgrade\/Dokumentumok\/2025\/Tantervek\/Vizu%C3%A1lis-kult%C3%BAra-helyi-tantev-1-2..pdf\" target=\"_blank\" rel=\"noreferrer noopener\">Vizu\u00e1lis kult\u00fara Helyi tanterv 1-2.<\/a><\/p>\n","protected":false},"excerpt":{"rendered":"<p>A H\u00e1zirend megtekinthet\u0151 erre &nbsp;a linkre kattintva:&nbsp;H\u00c1ZIREND Pedag\u00f3giai program megtekinthet\u0151 erre &nbsp;a linkre kattintva:&nbsp;PEDAG\u00d3GIAI PROGRAM Szervezeti \u00e9s M\u0171k\u00f6d\u00e9si Szab\u00e1lyzat:&nbsp;INT\u00c9ZM\u00c9NYI SZMSZ J\u00e1szs\u00e1gi \u00c1ltal\u00e1nos Iskola szakmai alapdokumentuma:&nbsp;J\u00c1I&#8230;<\/p>\n","protected":false},"author":5,"featured_media":0,"parent":0,"menu_order":0,"comment_status":"closed","ping_status":"closed","template":"","meta":[],"_links":{"self":[{"href":"http:\/\/jaszoktatas.hu\/jaszdozsa\/wp-json\/wp\/v2\/pages\/6729"}],"collection":[{"href":"http:\/\/jaszoktatas.hu\/jaszdozsa\/wp-json\/wp\/v2\/pages"}],"about":[{"href":"http:\/\/jaszoktatas.hu\/jaszdozsa\/wp-json\/wp\/v2\/types\/page"}],"author":[{"embeddable":true,"href":"http:\/\/jaszoktatas.hu\/jaszdozsa\/wp-json\/wp\/v2\/users\/5"}],"replies":[{"embeddable":true,"href":"http:\/\/jaszoktatas.hu\/jaszdozsa\/wp-json\/wp\/v2\/comments?post=6729"}],"version-history":[{"count":11,"href":"http:\/\/jaszoktatas.hu\/jaszdozsa\/wp-json\/wp\/v2\/pages\/6729\/revisions"}],"predecessor-version":[{"id":6916,"href":"http:\/\/jaszoktatas.hu\/jaszdozsa\/wp-json\/wp\/v2\/pages\/6729\/revisions\/6916"}],"wp:attachment":[{"href":"http:\/\/jaszoktatas.hu\/jaszdozsa\/wp-json\/wp\/v2\/media?parent=6729"}],"curies":[{"name":"wp","href":"https:\/\/api.w.org\/{rel}","templated":true}]}}